-2*r + 25. Let z be v(11). Suppose -89 - 42 = -z*f - 2*g, 4*g = -8. What is the highest common divisor of 15 and f?
15
Let i be 3*7 + 0 + 0. Suppose 5*k + 51 = 4*x, -33 = x - 5*x - k. Suppose -i = -3*g + x. What is the highest common factor of 110 and g?
10
Let f(q) = -q + 1. Let d be f(-1). Suppose l - 86 = d*c, -l + 0*l - c = -77. Calculate the highest common divisor of l and 16.
16
Let r(i) = 70 - 10 - 7*i - i + 6*i. Let q be r(6). Calculate the greatest common factor of q and 72.
24
Let d be 2/4 + (-9)/(-18). Let l be (-150)/(-2 - d) + 0. What is the greatest common factor of 125 and l?
25
Suppose -3*v = -2*o - 293 - 666, -v - 2*o + 317 = 0. Calculate the highest common divisor of 11 and v.
11
Suppose -w = -3*x - 11, -4*x + 0*x - 28 = -4*w. Suppose q - 5*q - w*l = -280, 0 = -l - 4. What is the highest common divisor of 25 and q?
25
Suppose -9000 = -25*o - 20*o. What is the greatest common divisor of 16 and o?
8
Let r = 13 - -387. Calculate the highest common factor of 50 and r.
50
Let d(s) = s**3 - s**2 - 3*s + 3. Let j be d(-3). Let h be (j/28)/((-1)/14). Let c be 73/4 + 63/(-252). What is the greatest common factor of c and h?
6
Let r = 1024 + -834. Calculate the highest common divisor of 133 and r.
19
Let v be 6/4 + -6 + 30/4. What is the greatest common factor of 3 and v?
3
Let x be 2 + (2 - (4 - 5)). Suppose 9*s = x*s + 44. Calculate the highest common divisor of 55 and s.
11
Let x(y) = -4*y + 3. Suppose 2 = -4*d - 10. Let v be x(d). Let m = 36 + 84. What is the highest common factor of m and v?
15
Let f be 213/21 - 1/7. Suppose -t + f = -22. Suppose 40 = 5*a + 2*p, a - 10*p = -12*p + 8. Calculate the greatest common factor of a and t.
8
Let n be (0 - (7 - 5))/(1/(-28)). Let x = 58 - n. What is the highest common factor of 4 and x?
2
Let r(z) = 2*z**2 - z**2 + z**3 + 0*z**2 + 167. Let u be r(0). Suppose -3*m + 103 = -u. What is the greatest common divisor of 30 and m?
30
Suppose -23 = -5*y + 22. Suppose -15 = 3*h, h + h - 20 = -2*x. Suppose -x*f + 20*f = 225. Calculate the greatest common divisor of y and f.
9
Suppose -5*d + 9 = -2*d. Calculate the greatest common factor of 144 and d.
3
Let k = 1368 + -1352. Let o be -21*(-42)/9 - 2. Calculate the greatest common divisor of o and k.
16
Suppose 4*j + 0*j = -m + 101, -4*m = j - 44. Suppose -30*v - 24 = -34*v. Calculate the highest common divisor of j and v.
6
Suppose -5*y + 48*b + 119 = 47*b, b + 47 = 2*y. What is the greatest common divisor of y and 81?
3
Suppose 28*k - 951 = 3529. What is the greatest common divisor of 5 and k?
5
Let t(d) = d - 7. Let l be t(5). Let i be 175/63 + l/(-9). Suppose -4*k = x - 41, k - 3*x - 10 = -i. Calculate the highest common divisor of 80 and k.
10
Let z(x) = -4*x**2 - 7 - 2*x**2 + x**3 + 12*x - 6*x**2 + 0*x**2. Let n be z(11). Suppose 0*c = n*c - 12. Calculate the greatest common factor of c and 24.
3
Suppose -4*d + 13 = 5. Suppose -6*a + 160 = -d*a + 4*z, 4*a = 2*z + 184. Calculate the greatest common factor of 11 and a.
11
Let q = -1482 - -2282. Calculate the greatest common divisor of 80 and q.
80
Let w = 37 + -6. Suppose 3*m + 4*d - 186 = 0, -2*m - m + 3*d = -186. What is the highest common factor of m and w?
31
Let a(x) = 3*x**2 + 2 + 5*x - x**2 - x. Suppose -4*r - 16 = -5*c, 56*r - 57*r + 4*c = 4. Let n be a(r). Calculate the greatest common divisor of n and 45.
9
Suppose 535*t - 533*t = 238. Calculate the highest common factor of t and 153.
17
Let j(a) = a**2 - 12*a + 5. Let p be j(0). What is the highest common divisor of p and 95?
5
Let v(j) = -j**2 + 5*j - 2. Let h be v(4). What is the highest common divisor of 22 and h?
2
Suppose -13*h = -18*h + 25. Suppose 8*c + 1015 = 5*o + 3*c, 3*o + h*c = 609. Calculate the highest common factor of 29 and o.
29
Let b be 562/10 - (-70)/(-350). Let p = -7 - -21. Calculate the greatest common divisor of b and p.
14
Suppose -3 = -5*n + 2. Let y = 1 - 6. Let k(q) = -q + 3. Let v be k(y). What is the highest common factor of n and v?
1
Let v be -22*4/(-16)*16. Suppose 5*w - 102 = -4*s, -5*w + w + 2*s = -92. Calculate the highest common factor of v and w.
22
Let b be (-2 + -6)*(-20)/5. Suppose 10*u - 5*u = 5*t - 265, t = 3*u + 61. Let v be (-4)/(-1) + -5 + t. What is the highest common divisor of b and v?
16
Let g = -28 - -92. Suppose 5*y - 56 = g. Calculate the greatest common factor of 30 and y.
6
Suppose 2*s + 21 = 9*s. Suppose -4*p + 4*h - 5*h + 30 = 0, -2*p + 8 = -s*h. Let q = 36 + 41. What is the highest common divisor of q and p?
7
Let j be 0 + 39 - (-2 - -8). Suppose -3*c + 8 = -4. Suppose 12 = c*y + 4*l, l + 6 = -0*y + 2*y. What is the highest common divisor of j and y?
3
Let l(k) = -59*k - 576. Let r be l(-39). Calculate the highest common divisor of 75 and r.
75
Suppose -240 - 354 = -11*p. Calculate the highest common factor of p and 297.
27
Let f be (-3840)/(-18)*78/65. What is the highest common factor of f and 320?
64
Suppose 3*r + 9 + 0 = 0. Let t = r - -35. Calculate the highest common divisor of t and 8.
8
Suppose -o - 217 = -19*b + 17*b, 5*b = -3*o + 537. What is the greatest common divisor of b and 1782?
54
Let p be 2*(-2)/(-4) + 13. Let y be 4/p - 38/(-14). Suppose -32 = y*l - 158. What is the highest common factor of 6 and l?
6
Let b be 257 + 4 + 7 + -2 + -11. What is the greatest common factor of 5 and b?
5
Let c(x) = -89*x**3 - 5*x**2 - 3*x + 3. Let z be c(-1). What is the greatest common divisor of 10 and z?
10
Let k be 268/3 + 3 - (-2)/3. What is the highest common divisor of k and 62?
31
Suppose 4*f - 907 + 833 = -3*s, -2*f - 38 = -s. Let k(y) = 2*y + 8. Let d be k(6). What is the highest common divisor of d and s?
10
Let b = 41 + -33. Suppose -12*i + 48 = -b*i. Calculate the greatest common divisor of 192 and i.
12
Let l = -6 + 24. Let q = l - -58. What is the highest common divisor of q and 38?
38
Let a be (396/(-48))/(3/24). Let t be ((-20)/(-3))/((-22)/a). What is the highest common divisor of 16 and t?
4
Let k = 269 + -125. Let p = k - 81. Calculate the highest common divisor of 9 and p.
9
Let y = -28 - -48. Suppose y*c = 24*c - 120. What is the highest common divisor of c and 18?
6
Let s be 0 + 0 - -5*9. Suppose -2*i - 24 = -8. Let p(d) = d**3 + 9*d**2 + 8*d + 18. Let x be p(i). What is the highest common divisor of s and x?
9
Suppose -5*j + v = -43, 5*v + 4 + 11 = 0. Suppose -2*p = -5*h - 3 + j, 2*p = 10. Suppose -3*b + 53 - 8 = 0. Calculate the highest common divisor of b and h.
3
Suppose 0 = 3*r + 86*r - 356. What is the greatest common factor of r and 488?
4
Suppose -y + 6*y - 190 = 0. Suppose -76 = -p - p. What is the greatest common divisor of y and p?
38
Suppose -21*b = -23*b - 32. Let z be 28 - 2*(-1)/(-2). Let x = b + z. Calculate the greatest common divisor of 55 and x.
11
Suppose -24*i + 4*s = -21*i - 560, 3*i - 572 = s. What is the highest common divisor of 3 and i?
3
Let i(q) = q**3 + q**2 - 2*q - 5. Let j be i(3). Suppose 5 = -4*z + j. Suppose -z*d + 3*d = -40. What is the highest common factor of 50 and d?
10
Suppose -2 = 3*f - 5. Calculate the highest common factor of f and 29.
1
Let b = 199 - 115. Calculate the highest common divisor of b and 378.
42
Suppose 2*h - 46 = -40. Let g be (9/12)/(h/8). What is the highest common divisor of g and 46?
2
Suppose -5*i - 2 = -3*r + 16, r = -4*i + 6. Calculate the highest common factor of r and 27.
3
Let r(a) = -40*a. Let v(h) = -h. Let z(f) = -r(f) + 48*v(f). Let w be z(-4). Suppose -d = -9 + 5. Calculate the greatest common factor of d and w.
4
Suppose 0 = -2*t + 8, 1219 = 2*b - t - 1927. Suppose -5*o = -0*o - b. Suppose 0 = -2*w, 3*c + o = 8*c - w. Calculate the greatest common divisor of c and 9.
9
Let f(y) = -y - 6. Let p be f(-10). Let h(o) be the first derivative of o**3/3 + 2*o**2 + 47. Let c be h(p). What is the highest common factor of 96 and c?
32
Suppose -26 = -j + l, 7*j + 3*l + 134 = 12*j. Let h be ((-7)/(-2))/(8/16). What is the greatest common divisor of h and j?
7
Suppose -24 = -2*f - 4*g, 4*f + 0*f + 4*g = 32. Let y be f + (-115)/(-1) - -1. What is the greatest common factor of 40 and y?
40
Suppose -4*s - 1 - 17 = -5*b, -2*b - 39 = 5*s. Let r(i) = 3*i**2 + 8*i - 1. Let q be r(s). What is the highest common divisor of q and 18?
18
Let u be 1/(-1) + 51 - (-7 + 1). What is the greatest common divisor of 